/14 is divided by 18?
3
Let x = 294 - 247. What is the remainder when (-54 - 96)*(-28)/10 is divided by x?
44
Suppose -3*j - 113 = -4*p + 80, 0 = 3*p + 3*j - 171. Calculate the remainder when p is divided by 40.
12
Suppose 38*x + 20*x - 5336 + 116 = 0. Calculate the remainder when 154 is divided by x.
64
Suppose -10 = -8*b + 6*b. Suppose o - 2*r + 1 + 1 = 0, 0 = b*o + 5*r - 5. Suppose o = -6*c + 4*c + 38. Calculate the remainder when 113 is divided by c.
18
What is the remainder when 394 is divided by (6 - 1) + (-41)/(-328)*56?
10
Suppose 132 = 4*x - x. Suppose 7154 + 438 = 146*c. What is the remainder when c is divided by x?
8
Let w be 27 + -1 + (-24)/30*5. Suppose -w*i = 8*i - 9630. Calculate the remainder when i is divided by 9.
6
Calculate the remainder when 1234 is divided by (-5610)/(-275) + (-36)/15*2/(-8).
16
Let j(c) = 16*c + 494. Calculate the remainder when 499 is divided by j(-26).
31
Suppose 37*n = 35*n + 6. Let q = -40 - 28. Let a = q - -101. What is the remainder when a is divided by n?
0
Let k(i) = i**3 + 30*i**2 - 65*i - 22. Let g be k(-32). Suppose 0 = -g*j + 3690 + 4830. Calculate the remainder when j is divided by 45.
42
Let a = 70 - 51. Suppose 3*f = 13 - a, -286 = -4*q + 5*f. What is the remainder when q is divided by 24?
21
What is the remainder when (-1282)/(11*(-24)/132) is divided by 194?
59
Suppose 5*y - 5*c = 5550, 3*c = 4*c. Suppose y = 8*q - 330. Calculate the remainder when q is divided by 63.
54
Let p be ((-64)/(-24))/(1 - (-2)/(-6)). Let w(r) = 3*r - 6. Let j be w(5). Suppose -67 - j = -p*x. What is the remainder when 91 is divided by x?
15
Suppose -72*n + n + 923 = 0. Suppose -3*c - 558 = -4*c. What is the remainder when c is divided by n?
12
Let o = 57 - 32. Let n = -24 + o. What is the remainder when 169 is divided by ((-43)/(-4))/(n/4)?
40
Let k = -16 + 45. Suppose -258 = -17*y + 14. What is the remainder when k is divided by y?
13
Let b = -290 + 379. Suppose -141 = -u - b. Calculate the remainder when u is divided by -14*(-1)/((-2)/(-2)).
10
Let d(r) be the second derivative of -r**4/12 - 2*r**3 + 63*r**2 + r - 10. What is the remainder when d(6) is divided by 11?
7
Let v be 10 + 3/(-2)*88/33. Suppose p = -v*p + 665. What is the remainder when p is divided by 49?
46
Let a = -4095 + 4606. Calculate the remainder when a is divided by 125.
11
Let a(p) = -223*p - 9. Let u be a(-1). Suppose -98 = u*b - 215*b. Suppose -3*i + 5*i + x - 39 = 0, 82 = 4*i - 2*x. What is the remainder when b is divided by i?
18
Suppose 31*j + 22*j + 27*j - 22160 = 0. What is the remainder when j is divided by 29?
16
Let s(k) = 3*k**3 + 146*k**2 + 96*k + 151. What is the remainder when 434 is divided by s(-48)?
132
Let s(f) = f**2 + 4*f - 8. Let l be -1*-4*75/10. Suppose 18*j - 23*j = l. Calculate the remainder when 10 is divided by s(j).
2
Let v(c) = c**2 + c + 1. Suppose 3*j + 2*l - 37 = 0, 4*j + 16*l - 72 = 19*l. What is the remainder when v(6) is divided by j?
13
Suppose -4*r = -2*s - 200, -5*r - s + 15 = -228. What is the remainder when (120/(-90))/(2/(-282)) is divided by r?
41
Let b(i) = 1079*i**2 - 257*i - 2205. Calculate the remainder when b(-8) is divided by 92.
91
Suppose 0 = 4*b, 2*b + 4 + 46 = 5*z. Suppose 87*y - 10*y = -13118 + 42070. Calculate the remainder when y is divided by z.
6
Let r(w) = -w**3 - 5 + 260*w - 134*w - 12*w**2 - 102*w. Calculate the remainder when 196 is divided by r(-14).
43
Let q be (-6)/4*(8 - -6). Let z(k) = -k**2 - 20*k + 23. Let x be z(q). Suppose 2*y - 424 = -x*y. What is the remainder when y is divided by 12?
10
Let w(y) = -y**2 - 4*y + 3. Let p = -86 - -90. Suppose -p*m + 22 = -2*o - 6, 2*m - 4*o - 14 = 0. What is the remainder when m is divided by w(-3)?
1
Let l = -14 - -10. Let n(p) = -15*p - 5. Suppose 113 = 4*o + k, -41*k + 60 = 2*o - 37*k. What is the remainder when n(l) is divided by o?
27
Let l = 26 + -24. Let x(i) = 65*i**2 - 22*i**2 - 23*i**l + 1. What is the remainder when 56 is divided by x(1)?
14
Let g be (33/2)/(24/48). Suppose g = 6*j - 5*j. What is the remainder when 64 is divided by j?
31
Let l(r) = 3*r**2 + 75*r + 396. Calculate the remainder when 456 is divided by l(-5).
72
Let x(v) = -79*v**2 + 1038*v + 43. Calculate the remainder when 930 is divided by x(13).
0
Let t be (13/52)/(3/(-8))*-36. Suppose 92 = 47*f - t*f. Calculate the remainder when 11 is divided by f.
3
Let z = -32 + 121. Suppose -5*s - 56 = -2*b, 0*b + 5*s = -5*b + 70. What is the remainder when z is divided by b?
17
Suppose 2070 = -14*c + 24*c. Suppose -47*r + 38*r + c = 0. Let w(b) = b**3 - 3*b**2 + 7*b - 7. Calculate the remainder when w(5) is divided by r.
9
Let u(t) = -t**2 + 20*t - 80. Suppose 518*p - 77 = 507*p. Calculate the remainder when 53 is divided by u(p).
9
Suppose j = 2, -v - 3*j = -2 - 8. Suppose -3*f - 50 = -v*f. Let g(b) = -16*b**3 + b**2 + b + 1. What is the remainder when f is divided by g(-1)?
16
Let p = 19 + -2. Let o = -489 + 641. What is the remainder when (-2)/(-4) - (-7220)/o is divided by p?
14
Let l(m) = -m - 4. Let f be l(-7). Suppose -2*r = -4*r + f*b + 21, r + b - 13 = 0. Let p(x) = -39*x + 433. What is the remainder when r is divided by p(11)?
0
Let u be (-7)/2*6264/58. Let t = 401 + u. What is the remainder when 343 is divided by t?
21
Let m be (-1)/(1/(-6)*(-8)/(-16)). Suppose 4*o = -3*s - 9, 5*o + m = -s - 3*s. Let r = 4 - s. Calculate the remainder when 33 is divided by r.
5
Let d(x) = -850*x**2 - 19*x + 17. Let h(w) = 3397*w**2 + 78*w - 69. Let i(r) = -9*d(r) - 2*h(r). Calculate the remainder when i(1) is divided by 22.
20
Let i(g) = -2*g**2 - 20*g + 19. What is the remainder when i(-9) is divided by 97/(-19) - 8/(-76) - -19?
9
Let c = -23437 - -23448. What is the remainder when 13045 is divided by c?
10
Let m(j) = -j**3 + 6*j**2 - j - 4. Let d = -3641 + 3839. What is the remainder when d is divided by m(2)?
8
Let r(c) = 155*c - 79*c + 133 - 74*c + 7*c**2 - 2*c**2. Calculate the remainder when r(0) is divided by 5.
3
Calculate the remainder when (-2)/6*(-7278)/2 is divided by -1 - (-1827)/108 - (-2)/24.
13
Suppose -4*k - 12 = 16. Let p(d) be the third derivative of d**5/60 + d**4/8 + d**3 - 7*d**2. Calculate the remainder when p(k) is divided by 12.
10
Suppose 41*y + 61*y - 9078 = 0. Calculate the remainder when 539 is divided by y.
5
Let n be (-144)/10*10/(-3). Let h(w) = w**3 + 38*w**2 - w - 29. Let y be h(-38). Suppose y*a - n = 105. What is the remainder when 253 is divided by a?
15
Let q(g) be the first derivative of 44*g**3/3 - 7*g**2/2 - g - 33. What is the remainder when 133 is divided by q(1)?
25
What is the remainder when (-14000)/(-300)*(-18)/(-4) is divided by 63?
21
What is the remainder when -5 + (183 + -16 - -15) is divided by 28?
9
Let y = 160 - 162. What is the remainder when 28 is divided by 1*7/y*(15 - 17)?
0
Let h = 95 - 41. What is the remainder when h is divided by (23 + ((-1)/(-2))/(8/(-112)))/1?
6
Let b(k) = 469*k**2 + 1160*k - 30. Calculate the remainder when b(-7) is divided by 23.
19
Calculate the remainder when -1 - (-1750)/11 - (-1)/33*-3 is divided by 15.
8
Let t(l) = 3*l**2 - 18*l + 100. Let h(p) = 13*p**2 - 69*p + 401. Let i(g) = -2*h(g) + 9*t(g). Calculate the remainder when 9 is divided by i(19).
0
Suppose 36*i - 41*i - 4*b = -197, -b + 188 = 5*i. What is the remainder when 1884 is divided by i?
34
Suppose 3*i + q - 303 + 82 = 0, -288 = -4*i - 3*q. Suppose -4*g - i = -9*g. Suppose -81 = 5*c - 216. Calculate the remainder when c is divided by g.
12
Let b = 8458 - 3222. What is the remainder when b is divided by 31?
28
Suppose 2144 = -5*f + 3*p - 2860, 2*p = 4*f + 4002. Let t = f - -1153. What is the remainder when t is divided by 3?
1
Suppose 8*c + 2*b - 169 = 3*c, -102 = -3*c - b. Calculate the remainder when c is divided by (-2)/30 + -16 + (-4088)/(-120).
17
Let v = -223 - -225. What is the remainder when 188 is divided by -1*(v - (4 - -3))?
3
Let m = 6472 + -6455. What is the remainder when 8803 is divided by m?
14
Let i(o) = 6*o**3 - 4*o**2 + o + 2. Let z be i(2). Suppose -3*y - z = -219. What is the remainder when y is divided by 4?
1
Let o(k) = 5*k - 77. Let s be o(16). Suppose f - 11 = -3*q, -3*f + 5*q - s = -4*f. Calculate the remainder when 343 is divided by f.
21
Suppose -3*m - 595 = 4*o - 829, 67 = o + 5*m. Let y = 63 + -33